o base 8
2707201
Convert -3552410 (base 6) to base 8.
-553066
What is 14242230 (base 5) in base 4?
210202322
Convert -1c8c2 (base 15) to base 9.
-151642
Convert 2827187 (base 9) to base 11.
971318
Convert 2010110011121 (base 3) to base 7.
12416542
What is -4313461 (base 7) in base 3?
-222122201211
Convert 191481 (base 12) to base 4.
1222321201
21045026 (base 7) to base 2
110110001100111001010
What is 101101100111110010 (base 2) in base 11?
118439
Convert -779232 (base 10) to base 2.
-10111110001111100000
Convert 19834 (base 15) to base 2.
10100001110100001
What is 1404044 (base 7) in base 13?
66a34
Convert -1000330 (base 10) to base 7.
-11334262
What is 5c64d7 (base 16) in base 12?
204015b
-44202 (base 5) to base 7
-11620
Convert -202020211 (base 3) to base 13.
-6949
What is 67d4b (base 15) in base 6?
11025255
Convert 11231110213 (base 4) to base 8.
5552447
Convert 3bc6c9 (base 13) to base 15.
1db448
What is -101001100001110100001000 (base 2) in base 6?
-1025200012
What is 100011011101010000001000 (base 2) in base 4?
203131100020
Convert -14153170 (base 8) to base 15.
-433507
What is 344762 (base 10) in base 9?
574828
Convert 76213 (base 8) to base 3.
1121201212
-1133221400 (base 5) to base 11
-1539007
Convert 128078 (base 14) to base 12.
268576
Convert -21b8 (base 16) to base 10.
-8632
What is 2a728 (base 12) in base 10?
59792
What is 10de (base 16) in base 11?
3276
What is -4017501 (base 9) in base 3?
-11000121120001
Convert 10323342111 (base 5) to base 2.
101010100010110110001101
What is 488a94 (base 11) in base 9?
1407674
What is -10252a (base 11) in base 16?
-281fe
277322 (base 10) to base 16
43b4a
1864405 (base 12) to base 14
96da05
-4616755 (base 8) to base 9
-2318520
10210222012102 (base 3) to base 16
1eed0e
Convert 5d38d (base 14) to base 10.
228465
2707861 (base 10) to base 2
1010010101000110010101
11000011010011101 (base 2) to base 6
2050541
What is -370863 (base 14) in base 6?
-104214223
What is -16634118 (base 9) in base 15?
-aed9db
What is -11100111000101001 (base 2) in base 16?
-1ce29
Convert -60289 (base 12) to base 13.
-44a69
57006 (base 10) to base 13
1cc41
What is -2628478 (base 9) in base 4?
-11132231231
Convert -1000010001000110100100 (base 2) to base 12.
-886204
What is -195ef4 (base 16) in base 10?
-1662708
What is 1001020022013 (base 4) in base 16?
1048287
-18c0c4 (base 16) to base 10
-1622212
Convert 111751316 (base 8) to base 16.
127d2ce
What is -1105d (base 14) in base 10?
-41243
What is -111020101102 (base 3) in base 16?
-3f9b6
Convert -211a09 (base 14) to base 9.
-2084605
498e27 (base 15) to base 9
6560061
What is -1060a (base 15) in base 6?
-1040401
Convert 4425741 (base 8) to base 10.
1190881
Convert 1a48ec (base 15) to base 2.
100111000110001111011
What is 10001103303 (base 4) in base 2?
100000001010011110011
-209596 (base 10) to base 15
-42181
What is b286a1 (base 12) in base 4?
22221333121
Convert 11323515 (base 6) to base 9.
587632
Convert -13601c (base 16) to base 8.
-4660034
Convert 433024 (base 10) to base 11.
276379
What is -5743004 (base 9) in base 5?
-1243131413
-661131 (base 7) to base 15
-2440c
3c1a3 (base 15) to base 14
50361
Convert -11111011010101100110 (base 2) to base 3.
-1221022011211
Convert a74b5 (base 12) to base 3.
102012000102
-a36a0 (base 14) to base 16
-601ec
-238654 (base 9) to base 15
-2ca9d
11785 (base 16) to base 12
354b1
-10486032 (base 9) to base 10
-5076056
Convert 6b689b (base 15) to base 6.
302022345
-1362652 (base 7) to base 3
-100022201001
Convert 582671 (base 9) to base 15.
6d961
Convert -71016 (base 11) to base 2.
-11001010110011011
17584c (base 13) to base 16
8e7c5
Convert a08527 (base 11) to base 6.
54432144
What is -165bbc (base 13) in base 12?
-22968a
Convert 1331755 (base 8) to base 4.
1123033231
Convert -273b86 (base 12) to base 3.
-1020000012110
439777 (base 13) to base 8
6045145
31368b (base 13) to base 6
40352452
Convert -1012121222 (base 3) to base 14.
-8950
Convert -53510320 (base 6) to base 5.
-401024234
What is 517074 (base 8) in base 13?
60136
-1307208 (base 9) to base 10
-713861
Convert 35353550 (base 7) to base 13.
8543c9
What is -309cb (base 15) in base 14?
-40227
Convert -3078 (base 15) to base 8.
-23776
-11010000101010000001010 (base 2) to base 16
-68540a
3a846 (base 15) to base 13
67455
-1211e5 (base 16) to base 11
-739802
8cb339 (base 15) to base 16
668b62
Convert 21416524 (base 8) to base 12.
16571b0
2762071 (base 9) to base 10
1517113
-10011000010111001 (base 2) to base 3
-10222000020
What is -1020022200 (base 3) in base 12?
-12083
-305013 (base 10) to base 16
-4a775
What is 241142464 (base 7) in base 6?
1252455454
What is -123566516 (base 7) in base 11?
-4492598
Convert -101178 (base 11) to base 14.
-43376
Convert -256433 (base 7) to base 2.
-1011101100011001
12414013 (base 5) to base 14
32b84
Convert -1202132 (base 5) to base 16.
-5697
Convert -425220 (base 7) to base 9.
-122273
What is -30a383 (base 11) in base 15?
-9c37c
Convert -b20368 (base 13) to base 4.
-33303031302
Convert 221401333 (base 5) to base 2.
11101011110011010011
Convert -4010440001 (base 5) to base 11.
-450a683
Convert -1040552 (base 8) to base 7.
-2241043
Convert -444404 (base 7) to base 12.
-39458
12102221021100 (base 3) to base 8
13020555
Convert 59e69e (base 15) to base 5.
2100114444
Convert -136166044 (base 7) to base 13.
-1b22c3c
b0b602 (base 12) to base 16
2a11a2
Convert 70ed7 (base 15) to base 2.
1010111010101011111
What is 14111043 (base 5) in base 6?
3033031
Convert -3353560 (base 7) to base 16.
-65bb1
What is -397207 (base 15) in base 6?
-135035424
-1122021201112 (base 3) to base 9
-1567645
What is 10330322013 (base 4) in base 14?
25b0a3
What is 122208 (base 9) in base 12?
3685b
What is 112200112211111 (base 3) in base 14?
10726c1
Convert -224355253 (base 6) to base 15.
-56aa66
What is -410005 (base 9) in base 6?
-5111522
What is -d74d0 (base 14) in base 6?
-15045250
10809c1 (base 13) to base 12
183a5a7
504521015 (base 6) to base 16
83a0e3
213023332 (base 4) to base 11
aa659
Convert -bd0769 (base 16) to base 12.
-4195121
18e83d (base 16) to base 2
110001110100000111101
Convert 11ac2d6 (base 14) to base 2.
100000010111100010100100
What is -215242 (base 8) in base 5?
-4303404
Convert 19a4a5 (base 11) to base 8.
1127051
-7164877 (base 9) to base 15
-507741
What is -103843e (base 15) in base 10?
-11570459
Convert 101101011110011111000 (base 2) to base 13.
402374
Convert 943081 (base 11) to base 4.
11301022221
What is -126144022 (base 7) in base 14?
-1120712
What is -11130341033 (base 5) in base 9?
-25221831
334508 (base 12) to base 15
111d2e
Convert 15500014 (base 6) to base 12.
22760a
Convert 2476b (base 13) to base 16.
1066e
106568 (base 9) to base 6
1211442
Convert 10011010011101111000000 (base 2) to base 15.
69eacd
Convert -122113313213 (base 4) to base 5.
-3232213021
What is -110212110222 (base 3) in base 5?
-31101223
What is -2220101201102 (base 3) in base 14?
-2c24c8
-18849 (base 15) to base 8
-233206
What is -34040553 (base 6) in base 12?
-419159
-35466 (base 10) to base 11
-24712
What is -1849210 (base 11) in base 4?
-23330112031
Convert -11101010000101 (base 2) to base 14.
-5661
3022032 (base 6) to base 5
14034022
What is 44072 (base 10) in base 9?
66408
Convert 321001232 (base 4) to base 12.
b3212
-301863 (base 9) to base 4
-223212111
What is -113b5bc (base 13) in base 6?
-305442252
What is -21013342 (base 7) in base 5?
-423041332
What is 341760 (base 11) in base 14?
102345
What is 11050053 (base 7) in base 13?
274b5a
Convert -101020031 (base 4) to base 10.
-70157
What is 222400003 (base 5) in base 9?
1755021
Convert 42554233 (base 6) to base 7.
13463433
187b491 (base 13) to base 2
11110100110100000011001
What is 1294d1 (base 14) in base 5?
130442234
-20100411 (base 5) to base 16
-26ef9
9266a (base 13) to base 3
111100010220
-56aaaa (base 14) to base 6
-143113314
What is 100100100011101111 (base 2) in base 12?
727a7
Convert -592a6a (base 12) to base 9.
-2627441
What is -589a8 (base 14) in base 12?
-a4b74
What is 6734250 (base 8) in base 14?
354116
Convert -376ed (base 16) to base 4.
-313123231
-3011512 (base 6) to base 3
-21012022222
-728354 (base 9) to base 12
-18a411
-230c0f (base 16) to base 13
-6255a7
Convert -ad625 (base 14) to base 13.
-11984a
What is -11